- (-440)/28). Let r be (-54 + 2)*1/2. Let a = k - r. Calculate the greatest common factor of 4 and a.
2
Let f = -45 + 15. Let p be (-79)/(-3) + 10/f. What is the highest common factor of p and 65?
13
Let l be 1656/14 + -3*30/315. Calculate the greatest common factor of 4 and l.
2
Suppose 2*x = 3*k + 133, -129 - 61 = -3*x - 5*k. Calculate the highest common factor of 5 and x.
5
Let d be (-129)/1419 + 14852/22. Calculate the highest common divisor of 150 and d.
75
Suppose -n + 4 = 0, 0 = -3*x + 2*x + 2*n - 2. Let h = 0 - 45. Let c = 3 - h. What is the greatest common factor of c and x?
6
Let v be (-15)/(-6)*(-16)/(-20). Suppose 0*a - v*a = -20. Suppose 0*f + 33 = f - u, -3*f + 2*u = -96. Calculate the greatest common factor of a and f.
10
Suppose 1 = a - 0*a. Let w(p) = -p**2 - 7*p - 5. Let j be w(-5). Calculate the highest common divisor of j and a.
1
Let r(o) = 23*o**2 - 15*o - 27. Let k be r(-3). What is the highest common divisor of k and 36?
9
Let x be 10/(-4)*(-88)/5. What is the greatest common divisor of x and 66?
22
Suppose 87 = -5*z - 33. Let w = 37 + z. What is the highest common divisor of 13 and w?
13
Let d(g) = g**3 - 2*g**2 - 7*g + 18. Let w be d(4). Calculate the highest common divisor of w and 506.
22
Let o(x) = x**3 - 11*x**2 - x - 7. Suppose 4*s - 29 = 15. Let c be o(s). Let a be 150*3/(c/(-3)). Calculate the highest common factor of a and 50.
25
Suppose 4*g - 110 = -h + 502, 596 = 4*g - 3*h. What is the highest common factor of g and 114?
38
Suppose -28*a = 39*a - 3752. Let z = -18 - -25. Calculate the greatest common divisor of z and a.
7
Let t = 63 + -39. Suppose 23 = 4*h + o, -3*h - o + 16 = o. What is the greatest common factor of h and t?
6
Let z(a) be the third derivative of -a**4/24 - a**3/3 + 5*a**2. Let n be z(-4). Let d = 20 + -14. Calculate the highest common divisor of d and n.
2
Suppose -32*a = -27*a - 20. Let d be a/6*(-13)/((-65)/30). Calculate the highest common factor of d and 12.
4
Let q be -1 - (1 + 0 + -110). Suppose q = 2*d - 0*d. What is the greatest common factor of d and 9?
9
Let g(f) = -f**3 - 3*f**2 - 3*f. Let b be g(-2). Let j be (-36)/9*(-9 + 1). Suppose -15*a + j = -7*a. What is the greatest common divisor of b and a?
2
Suppose -18 = 2*s - 2*h - 60, -70 = -4*s - 3*h. Let z = s - 16. Suppose z*v = -0*v + 54. What is the highest common factor of v and 144?
18
Suppose -5*y - 12 = 4*n, -3*y - 6 - 3 = 3*n. Suppose -4*s - 1 + 13 = y. Suppose 10*x - s*x = 294. What is the greatest common factor of 21 and x?
21
Let l(k) = -68*k + 15. Let b be l(13). Let m = b + 1334. Suppose 3*j + 2*j - m = 0. What is the highest common divisor of j and 31?
31
Let l = -33 + 55. Suppose -v + 4*i + l = 0, 2*v + i - 35 = -0*i. Calculate the greatest common factor of v and 144.
18
Let l = -99 + 388. Let k = -181 + l. Let m = -1205 - -1217. Calculate the highest common divisor of k and m.
12
Let j = 17 + -13. Suppose -95 = j*y + y. Let h = -5 - y. Calculate the highest common divisor of h and 35.
7
Let n(a) = -7*a + 27. Let f be n(13). Let r = -36 - f. What is the greatest common factor of 70 and r?
14
Let f(x) = x**3 - 34*x**2 - 36*x + 41. Let n be f(35). Suppose -2*y = -n*y + 380. Calculate the highest common divisor of 19 and y.
19
Suppose -3*l + 0*l - 24 = 0. Let s = 12 + l. Suppose f - s = 26. Calculate the highest common divisor of 6 and f.
6
Let b = -34 - -37. Suppose 10 - 46 = -b*y. Suppose -333 = -3*a - 3*x, a + a - 213 = x. What is the greatest common factor of y and a?
12
Let n(a) = 3*a + 63. Let h be n(-20). What is the greatest common divisor of h and 8?
1
Let q(r) = -r**3 + 7*r**2 + 5*r - 4. Let l be q(6). Calculate the highest common divisor of l and 93.
31
Let h(w) = -w + 10. Let t be h(-10). Let j be 2/(-10) + 884/t. What is the highest common factor of j and 11?
11
Suppose p - 8 = -r - r, 4 = 4*r. Suppose 0 = 4*g - 22 + p. What is the greatest common divisor of 20 and g?
4
Let r(x) = x**3 - 15*x**2 - 12*x - 31. Let u be r(16). What is the highest common factor of 12 and u?
3
Suppose o + 5*x = x + 42, -x - 111 = -2*o. Let r be (o/36)/((-2)/(-40)). Let l = r - 27. What is the highest common factor of 33 and l?
3
Suppose 0 = -3*v - 6, -w - 2*w - 2*v = -188. Let u(l) = -l + 29. Let y be u(21). What is the greatest common factor of w and y?
8
Let f = -123 + 180. Let c = f + -43. Calculate the greatest common divisor of c and 42.
14
Let n be ((-6)/9)/((-5)/90). Let q = 42 - n. Let w(c) = c**2 - c + 3. Let o be w(-6). Calculate the highest common factor of q and o.
15
Suppose 37*n - 259 - 370 = 0. Calculate the highest common factor of 17 and n.
17
Let h(w) = -2*w + 4. Let v be (7 - 4)*(-2 - -1). Let y be h(v). Calculate the highest common factor of 4 and y.
2
Let g(i) be the second derivative of -i**2 - 9*i + 0 - 5/3*i**3. Let k be g(-17). What is the highest common divisor of k and 28?
28
Let q(o) = 8*o**3 + 2*o**2. Let k be q(2). Calculate the greatest common factor of 180 and k.
36
Suppose 16 - 40 = -4*v. Let q = 143 - 101. Calculate the highest common divisor of v and q.
6
Let i(k) = k**2 - 3. Let g = 16 + -20. Let d be g + 0/3 + 1. Let u be i(d). Calculate the highest common divisor of 48 and u.
6
Suppose 5*c + 157 = 3*p - 83, -400 = -5*p - 5*c. What is the highest common divisor of 25 and p?
5
Let v = 274 + -146. Let c = v + -121. What is the highest common divisor of c and 7?
7
Let h = -552 - -576. Calculate the greatest common factor of 54 and h.
6
Let v(f) = -f + 1. Let n be v(-1). Suppose -t = -n*t + 50. Suppose -7*u + 80 = -3*u. What is the highest common divisor of u and t?
10
Suppose 100*i = 83*i + 15555. What is the greatest common divisor of 15 and i?
15
Suppose -5*o = -20, -p = -o + 65 - 90. Calculate the highest common divisor of p and 3161.
29
Let n(i) = 39*i + 781. Let r be n(-19). Let j = -5 - -10. What is the highest common divisor of j and r?
5
Let y = 1529 - 1523. Calculate the greatest common divisor of y and 1074.
6
Let w = 1 + 3. Suppose -3*q + 16 = -2*f, 18 = 2*q + 11*f - 16*f. What is the greatest common divisor of q and w?
4
Let f(w) = 12*w**2 - 2*w + 4. Let n be f(2). Let g = 3 - 57. Let a = 126 + g. What is the highest common divisor of n and a?
24
Let h(z) = 111*z - 210. Let w be h(5). Calculate the greatest common factor of w and 75.
15
Let a = -898 - -910. What is the highest common factor of a and 68?
4
Suppose 4*w + 13 = 3*t - 0, 5*w = -t - 21. Let k be 15/(-2) + 6/w. Let m be 36/15 + k/(-15). What is the highest common factor of 21 and m?
3
Let r(y) = -4*y**3 + 67*y**2 + 32*y + 11. Let s be r(17). What is the greatest common factor of s and 38?
38
Let w(p) = 1 - 99*p - 2 + 104*p - 5 + p**2. Let d be w(-7). What is the greatest common divisor of 4 and d?
4
Let k = -139 - -211. Suppose -38*z + 40*z = k. Suppose 2*a = 5*l - 7 - 5, l = 4*a - 12. Calculate the highest common factor of z and a.
4
Suppose -o + 80 = o. Suppose 0 = -h - 10 - 4. Let k = h + 19. What is the highest common factor of k and o?
5
Suppose -3*j + j + 180 = 0. What is the highest common divisor of j and 225?
45
Let s(i) = 40*i**2 + 4*i + 23. Let x be s(4). Calculate the greatest common factor of 388 and x.
97
Let n be 4*1*(4 - (0 + 0)). Calculate the highest common factor of n and 16.
16
Suppose -q = -4*h - 5*q - 92, q = 2*h + 46. Let f = h + 26. Let u be -2 + (3 - f) - -14. What is the greatest common factor of u and 84?
12
Suppose 5*m - 125 = -0*m. Let q = 69 + -44. What is the greatest common factor of m and q?
25
Let i be (-136)/(-20) + 4/20. Suppose 3*x - i*x + 40 = 0. What is the highest common divisor of 70 and x?
10
Let b be -4 + ((-248)/(-40) - 1/5). Let x be (5 + 82/4)*b. Calculate the greatest common factor of 3 and x.
3
Let p(s) = -s**3 + 14*s**2 - 35*s - 41. Let f be p(10). What is the highest common factor of f and 75?
3
Let x be (-91)/(-8) + (-1)/((-128)/(-48)). Calculate the greatest common divisor of x and 22.
11
Let y(p) = p**3 - 6*p**2 - 9*p + 19. Let o be y(7). Calculate the greatest common divisor of 125 and o.
5
Let g(a) = -a**2 + 20*a - 8. Let v be g(18). Let u(p) = p - 2. Let b be u(4). Suppose b*k - v = k. Calculate the highest common divisor of 7 and k.
7
Suppose -2*i = -2*n - 794, -4*n = -2*i + 448 + 356. What is the greatest common factor of i and 8?
8
Suppose 4*t + 25 = -2*j + 3*